{"id":887,"date":"2017-07-01T22:47:09","date_gmt":"2017-07-01T21:47:09","guid":{"rendered":"http:\/\/fofftein.fimotic.com\/?page_id=887"},"modified":"2017-09-10T18:31:29","modified_gmt":"2017-09-10T17:31:29","slug":"systemperlen-lochen","status":"publish","type":"page","link":"https:\/\/fofftein.fimotic.com\/?page_id=887","title":{"rendered":"Systemperlen lochen"},"content":{"rendered":"<p>Das Loch in den Systemperlen ist ziemlich gross, immerhin bummelige 5 mm, da kann es die bis dahin noch sch\u00f6ne runde Perle m\u00e4chtig verziehen.<\/p>\n<p>Es gibt verschiedene Wege zur sauber gelochten Systemperle. Es hilft auf jeden Fall vorher Tumanas L\u00f6chleinpieksworkshop gr\u00fcndlich durch zu arbeiten. Hier entlang geht es in Tumanas Reich:\u00a0<a href=\"http:\/\/kreativ.fimotic.com\/?page_id=2510\" target=\"_blank\" rel=\"noopener\">L\u00f6chleinworkshop<\/a><\/p>\n<p>Bei der <a href=\"https:\/\/fofftein.fimotic.com\/?page_id=319\">R\u00f6hrentechnik<\/a> wird eine Fimor\u00f6hre mit einem Veneer bezogen, in Abschnitte geteilt und zu Perlen geformt. Hier sind Veneers geeignet, die l\u00e4ngs gestreift sind (Querstreifen w\u00fcrden sich verziehen), unregelm\u00e4\u00dfig gemustert sind, einfarbig sind, die meisten Faux-Techniken, also alles, was sich irgendwie verziehen darf. Auch kann in der R\u00f6hrentechnik eine Perle erstellt werden, auf die dann etwas aufmodelliert oder etwas hineingedr\u00fcckt wird. Hier ist das Loch durch die Perle hindurch bereits vorhanden.<\/p>\n<p><span style=\"line-height: inherit;\">Bei einer einzeln geformten Perle kann das Loch langsam vergr\u00f6\u00dfert werden, da dass Fimo hierbei nach au\u00dfen verdr\u00e4ngt wird, wird die Perle etwas gr\u00f6\u00dfer. Man kann mehrere verschieden dicke Nadeln nehmen, die nacheinander von beiden Seiten das Loch langsam vergr\u00f6\u00dfern. Es beginnt mit den Fimo Nadeln in zwei Gr\u00f6\u00dfen, \u00fcber mehrere Stufen von\u00a0 Zahnstochern, Schaschlikspie\u00dfen und Stricknadeln bis zur Stricknadel mit 5mm Durchmesser. Auf der letzten Nadel werden die Perlen dann h\u00e4ngend gebacken.\u00a0 Es gibt aber auch lange, spitz zulaufende \u00a0Tools, die am Ende die 5mm aufweisen. in beiden F\u00e4llen wird Masse verdr\u00e4ngt, man muss also sehr vorsichtig und langsam arbeiten, damit die Perle sich gleichm\u00e4\u00dfig vergr\u00f6\u00dfert und nicht unrund wird. Wer in eine normale Perle schon kein gerades Loch hinein bekommt, der wird hier erst recht scheitern. Hier geht&#8217;s lang zum <a href=\"https:\/\/fofftein.fimotic.com\/?page_id=974\">Loch pieksen<\/a>.<\/span><\/p>\n<p>Das Loch kann aber auch ausgestanzt werden, dabei wird die Masse aus dem Lochkanal heraus genommen, die Perle \u00e4ndert ihre Gr\u00f6\u00dfe nicht. Allerdings wird beidseitig Druck ausge\u00fcbt, so da\u00df die Perle sich tendenziell etwas nach au\u00dfen w\u00f6lbt und an den Lochseiten etwas platter wird, mit etwas \u00dcbung kann man genau das aber auch nutzen. Wichtig ist, von beiden Seiten gleichm\u00e4\u00dfig Druck auszu\u00fcben und beide L\u00f6cher genau gegen\u00fcber zu haben. Wenn Ihr mein hoch technologisches Stanzinstrument sehen wollt, dann bitte hier entlang.\u00a0<a href=\"https:\/\/fofftein.fimotic.com\/?page_id=954\">Loch ausstanzen<\/a><\/p>\n<p>&nbsp;<\/p>\n","protected":false},"excerpt":{"rendered":"<p>Das Loch in den Systemperlen ist ziemlich gross, immerhin bummelige 5 mm, da kann es die bis dahin noch sch\u00f6ne runde Perle m\u00e4chtig verziehen. Es gibt verschiedene Wege zur sauber gelochten Systemperle. Es hilft auf jeden Fall vorher Tumanas L\u00f6chleinpieksworkshop &hellip; <a href=\"https:\/\/fofftein.fimotic.com\/?page_id=887\">Weiterlesen <span class=\"meta-nav\">&rarr;<\/span><\/a><\/p>\n","protected":false},"author":3,"featured_media":0,"parent":299,"menu_order":0,"comment_status":"closed","ping_status":"closed","template":"","meta":{"footnotes":""},"class_list":["post-887","page","type-page","status-publish","hentry"],"_links":{"self":[{"href":"https:\/\/fofftein.fimotic.com\/index.php?rest_route=\/wp\/v2\/pages\/887","targetHints":{"allow":["GET"]}}],"collection":[{"href":"https:\/\/fofftein.fimotic.com\/index.php?rest_route=\/wp\/v2\/pages"}],"about":[{"href":"https:\/\/fofftein.fimotic.com\/index.php?rest_route=\/wp\/v2\/types\/page"}],"author":[{"embeddable":true,"href":"https:\/\/fofftein.fimotic.com\/index.php?rest_route=\/wp\/v2\/users\/3"}],"replies":[{"embeddable":true,"href":"https:\/\/fofftein.fimotic.com\/index.php?rest_route=%2Fwp%2Fv2%2Fcomments&post=887"}],"version-history":[{"count":7,"href":"https:\/\/fofftein.fimotic.com\/index.php?rest_route=\/wp\/v2\/pages\/887\/revisions"}],"predecessor-version":[{"id":1007,"href":"https:\/\/fofftein.fimotic.com\/index.php?rest_route=\/wp\/v2\/pages\/887\/revisions\/1007"}],"up":[{"embeddable":true,"href":"https:\/\/fofftein.fimotic.com\/index.php?rest_route=\/wp\/v2\/pages\/299"}],"wp:attachment":[{"href":"https:\/\/fofftein.fimotic.com\/index.php?rest_route=%2Fwp%2Fv2%2Fmedia&parent=887"}],"curies":[{"name":"wp","href":"https:\/\/api.w.org\/{rel}","templated":true}]}}