{"id":859,"date":"2017-03-15T11:13:05","date_gmt":"2017-03-15T10:13:05","guid":{"rendered":"http:\/\/fofftein.fimotic.com\/?page_id=859"},"modified":"2017-03-15T11:38:19","modified_gmt":"2017-03-15T10:38:19","slug":"perlenherz","status":"publish","type":"page","link":"https:\/\/fofftein.fimotic.com\/?page_id=859","title":{"rendered":"Perlenherz"},"content":{"rendered":"<p>Eine frei drehende Perle in einem Herzen soll es werden.<\/p>\n<p>Die Perle ist eine Linse, weil eine Kugelperle zu dick w\u00e4re, das Herz w\u00fcrde als Anh\u00e4nger an einer Kette nicht gut an liegen. F\u00fcr einen Taschenbaumler oder \u00e4hnliches w\u00fcrde eine Kugelperle sicherlich auch interessant aussehen. Ansonsten noch etwas Fimo, einen Ausstecher, der ein wenig gr\u00f6\u00dfer ist als die Perle und ein St\u00fcck Draht, ich nehme daf\u00fcr einfach einen Kettel- oder Nietstift aus dem Perlenzubeh\u00f6r. Und irgendeine Herzchenform, am besten ein Ausstecher.<\/p>\n<p><img loading=\"lazy\" decoding=\"async\" class=\"alignnone size-full wp-image-857\" src=\"https:\/\/fofftein.fimotic.com\/wp-content\/uploads\/2017\/03\/20170205_124026_crop_500x300.jpg\" alt=\"\" width=\"500\" height=\"300\" srcset=\"https:\/\/fofftein.fimotic.com\/wp-content\/uploads\/2017\/03\/20170205_124026_crop_500x300.jpg 500w, https:\/\/fofftein.fimotic.com\/wp-content\/uploads\/2017\/03\/20170205_124026_crop_500x300-300x180.jpg 300w\" sizes=\"auto, (max-width: 500px) 100vw, 500px\" \/><\/p>\n<p>Fimo auf der dicksten Stufe ausrollen und die Herzform drauflegen. Bei einem Ausstecher einfach die Form ausstechen, ich hatte mir diese Form in den Kopf gesetzt, also die Umrisse des Herzens aufs Fimo \u00fcbertragen&#8230;<\/p>\n<p><img loading=\"lazy\" decoding=\"async\" class=\"alignnone size-full wp-image-856\" src=\"https:\/\/fofftein.fimotic.com\/wp-content\/uploads\/2017\/03\/20170205_124155_crop_500x300.jpg\" alt=\"\" width=\"500\" height=\"300\" srcset=\"https:\/\/fofftein.fimotic.com\/wp-content\/uploads\/2017\/03\/20170205_124155_crop_500x300.jpg 500w, https:\/\/fofftein.fimotic.com\/wp-content\/uploads\/2017\/03\/20170205_124155_crop_500x300-300x180.jpg 300w\" sizes=\"auto, (max-width: 500px) 100vw, 500px\" \/><\/p>\n<p>&#8230;und ausschneiden.<\/p>\n<p><img loading=\"lazy\" decoding=\"async\" class=\"alignnone size-full wp-image-855\" src=\"https:\/\/fofftein.fimotic.com\/wp-content\/uploads\/2017\/03\/20170205_124211_crop_500x300.jpg\" alt=\"\" width=\"500\" height=\"300\" srcset=\"https:\/\/fofftein.fimotic.com\/wp-content\/uploads\/2017\/03\/20170205_124211_crop_500x300.jpg 500w, https:\/\/fofftein.fimotic.com\/wp-content\/uploads\/2017\/03\/20170205_124211_crop_500x300-300x180.jpg 300w\" sizes=\"auto, (max-width: 500px) 100vw, 500px\" \/><\/p>\n<p>Auf dieses Basisherz wird dann ein sch\u00f6ner Farbverlauf oder \u00e4hnliches draufgelegt.<\/p>\n<p><img loading=\"lazy\" decoding=\"async\" class=\"alignnone size-full wp-image-854\" src=\"https:\/\/fofftein.fimotic.com\/wp-content\/uploads\/2017\/03\/20170205_124656_crop_500x300.jpg\" alt=\"\" width=\"500\" height=\"300\" srcset=\"https:\/\/fofftein.fimotic.com\/wp-content\/uploads\/2017\/03\/20170205_124656_crop_500x300.jpg 500w, https:\/\/fofftein.fimotic.com\/wp-content\/uploads\/2017\/03\/20170205_124656_crop_500x300-300x180.jpg 300w\" sizes=\"auto, (max-width: 500px) 100vw, 500px\" \/><\/p>\n<p>Der Farbverlauf wird etwas gr\u00f6\u00dfer als das Basisherz ben\u00f6tigt.<\/p>\n<p><img loading=\"lazy\" decoding=\"async\" class=\"alignnone size-full wp-image-853\" src=\"https:\/\/fofftein.fimotic.com\/wp-content\/uploads\/2017\/03\/20170205_124722_crop_500x300.jpg\" alt=\"\" width=\"500\" height=\"300\" srcset=\"https:\/\/fofftein.fimotic.com\/wp-content\/uploads\/2017\/03\/20170205_124722_crop_500x300.jpg 500w, https:\/\/fofftein.fimotic.com\/wp-content\/uploads\/2017\/03\/20170205_124722_crop_500x300-300x180.jpg 300w\" sizes=\"auto, (max-width: 500px) 100vw, 500px\" \/><\/p>\n<p>Den Farbverlauf auf das Herz legen und mit dem Finger rundherum die Seiten anmodellieren.<\/p>\n<p><img loading=\"lazy\" decoding=\"async\" class=\"alignnone size-full wp-image-852\" src=\"https:\/\/fofftein.fimotic.com\/wp-content\/uploads\/2017\/03\/20170205_124816_crop_500x300.jpg\" alt=\"\" width=\"500\" height=\"300\" srcset=\"https:\/\/fofftein.fimotic.com\/wp-content\/uploads\/2017\/03\/20170205_124816_crop_500x300.jpg 500w, https:\/\/fofftein.fimotic.com\/wp-content\/uploads\/2017\/03\/20170205_124816_crop_500x300-300x180.jpg 300w\" sizes=\"auto, (max-width: 500px) 100vw, 500px\" \/><\/p>\n<p>Dann mit dem Skalpel an den geraden Seiten des Herzens das \u00fcberstehende Fimo abschneiden.<\/p>\n<p><img loading=\"lazy\" decoding=\"async\" class=\"alignnone size-full wp-image-851\" src=\"https:\/\/fofftein.fimotic.com\/wp-content\/uploads\/2017\/03\/20170205_124912_crop_500x300.jpg\" alt=\"\" width=\"500\" height=\"300\" srcset=\"https:\/\/fofftein.fimotic.com\/wp-content\/uploads\/2017\/03\/20170205_124912_crop_500x300.jpg 500w, https:\/\/fofftein.fimotic.com\/wp-content\/uploads\/2017\/03\/20170205_124912_crop_500x300-300x180.jpg 300w\" sizes=\"auto, (max-width: 500px) 100vw, 500px\" \/><\/p>\n<p>Und die Seiten glattstreichen.<\/p>\n<p><img loading=\"lazy\" decoding=\"async\" class=\"alignnone size-full wp-image-850\" src=\"https:\/\/fofftein.fimotic.com\/wp-content\/uploads\/2017\/03\/20170205_125041_crop_500x300.jpg\" alt=\"\" width=\"500\" height=\"300\" srcset=\"https:\/\/fofftein.fimotic.com\/wp-content\/uploads\/2017\/03\/20170205_125041_crop_500x300.jpg 500w, https:\/\/fofftein.fimotic.com\/wp-content\/uploads\/2017\/03\/20170205_125041_crop_500x300-300x180.jpg 300w\" sizes=\"auto, (max-width: 500px) 100vw, 500px\" \/><\/p>\n<p>In der Mitte zwischen den beiden Kurven des Herzens das Fimo einschneiden und anmodellieren.<\/p>\n<p><img loading=\"lazy\" decoding=\"async\" class=\"alignnone size-full wp-image-849\" src=\"https:\/\/fofftein.fimotic.com\/wp-content\/uploads\/2017\/03\/20170205_125100_crop_500x300.jpg\" alt=\"\" width=\"500\" height=\"300\" srcset=\"https:\/\/fofftein.fimotic.com\/wp-content\/uploads\/2017\/03\/20170205_125100_crop_500x300.jpg 500w, https:\/\/fofftein.fimotic.com\/wp-content\/uploads\/2017\/03\/20170205_125100_crop_500x300-300x180.jpg 300w\" sizes=\"auto, (max-width: 500px) 100vw, 500px\" \/><\/p>\n<p>\u00dcbersch\u00fcssiges Zeug abschneiden.<\/p>\n<p><img loading=\"lazy\" decoding=\"async\" class=\"alignnone size-full wp-image-848\" src=\"https:\/\/fofftein.fimotic.com\/wp-content\/uploads\/2017\/03\/20170205_125140_crop_500x300.jpg\" alt=\"\" width=\"500\" height=\"300\" srcset=\"https:\/\/fofftein.fimotic.com\/wp-content\/uploads\/2017\/03\/20170205_125140_crop_500x300.jpg 500w, https:\/\/fofftein.fimotic.com\/wp-content\/uploads\/2017\/03\/20170205_125140_crop_500x300-300x180.jpg 300w\" sizes=\"auto, (max-width: 500px) 100vw, 500px\" \/><\/p>\n<p>Und alles sanft gl\u00e4tten.<\/p>\n<p><img loading=\"lazy\" decoding=\"async\" class=\"alignnone size-full wp-image-847\" src=\"https:\/\/fofftein.fimotic.com\/wp-content\/uploads\/2017\/03\/20170205_125233_crop_500x300.jpg\" alt=\"\" width=\"500\" height=\"300\" srcset=\"https:\/\/fofftein.fimotic.com\/wp-content\/uploads\/2017\/03\/20170205_125233_crop_500x300.jpg 500w, https:\/\/fofftein.fimotic.com\/wp-content\/uploads\/2017\/03\/20170205_125233_crop_500x300-300x180.jpg 300w\" sizes=\"auto, (max-width: 500px) 100vw, 500px\" \/><\/p>\n<p>Gr\u00f6\u00dfentest der Perle. Es muss genug Fimo rechts und links der Perle stehen bleiben, es wird sonst zu instabil. Festlegen wie das F\u00e4delloch der Perle verlaufen soll.<\/p>\n<p><img loading=\"lazy\" decoding=\"async\" class=\"alignnone size-full wp-image-846\" src=\"https:\/\/fofftein.fimotic.com\/wp-content\/uploads\/2017\/03\/20170205_125349_crop_500x300.jpg\" alt=\"\" width=\"500\" height=\"300\" srcset=\"https:\/\/fofftein.fimotic.com\/wp-content\/uploads\/2017\/03\/20170205_125349_crop_500x300.jpg 500w, https:\/\/fofftein.fimotic.com\/wp-content\/uploads\/2017\/03\/20170205_125349_crop_500x300-300x180.jpg 300w\" sizes=\"auto, (max-width: 500px) 100vw, 500px\" \/><\/p>\n<p>Mit einer d\u00fcnnen Fimo Perlennadel von einer Seite durch das Herz piksen.<\/p>\n<p><img loading=\"lazy\" decoding=\"async\" class=\"alignnone size-full wp-image-845\" src=\"https:\/\/fofftein.fimotic.com\/wp-content\/uploads\/2017\/03\/20170205_125442_crop_500x300.jpg\" alt=\"\" width=\"500\" height=\"300\" srcset=\"https:\/\/fofftein.fimotic.com\/wp-content\/uploads\/2017\/03\/20170205_125442_crop_500x300.jpg 500w, https:\/\/fofftein.fimotic.com\/wp-content\/uploads\/2017\/03\/20170205_125442_crop_500x300-300x180.jpg 300w\" sizes=\"auto, (max-width: 500px) 100vw, 500px\" \/><\/p>\n<p>Nicht ganz durchstechen, sondern von der anderen Seite auch piksen und hoffentlich den ersten Stichkanal treffen.<\/p>\n<p><img loading=\"lazy\" decoding=\"async\" class=\"alignnone size-full wp-image-844\" src=\"https:\/\/fofftein.fimotic.com\/wp-content\/uploads\/2017\/03\/20170205_125511_crop_500x300.jpg\" alt=\"\" width=\"500\" height=\"300\" srcset=\"https:\/\/fofftein.fimotic.com\/wp-content\/uploads\/2017\/03\/20170205_125511_crop_500x300.jpg 500w, https:\/\/fofftein.fimotic.com\/wp-content\/uploads\/2017\/03\/20170205_125511_crop_500x300-300x180.jpg 300w\" sizes=\"auto, (max-width: 500px) 100vw, 500px\" \/><\/p>\n<p>Aufgespie\u00dft.<\/p>\n<p><img loading=\"lazy\" decoding=\"async\" class=\"alignnone size-full wp-image-843\" src=\"https:\/\/fofftein.fimotic.com\/wp-content\/uploads\/2017\/03\/20170205_125550_crop_500x300.jpg\" alt=\"\" width=\"500\" height=\"300\" srcset=\"https:\/\/fofftein.fimotic.com\/wp-content\/uploads\/2017\/03\/20170205_125550_crop_500x300.jpg 500w, https:\/\/fofftein.fimotic.com\/wp-content\/uploads\/2017\/03\/20170205_125550_crop_500x300-300x180.jpg 300w\" sizes=\"auto, (max-width: 500px) 100vw, 500px\" \/><\/p>\n<p>Nadel wieder raus und den Ausstecher ansetzen.<\/p>\n<p><img loading=\"lazy\" decoding=\"async\" class=\"alignnone size-full wp-image-842\" src=\"https:\/\/fofftein.fimotic.com\/wp-content\/uploads\/2017\/03\/20170205_125611_crop_500x300.jpg\" alt=\"\" width=\"500\" height=\"300\" srcset=\"https:\/\/fofftein.fimotic.com\/wp-content\/uploads\/2017\/03\/20170205_125611_crop_500x300.jpg 500w, https:\/\/fofftein.fimotic.com\/wp-content\/uploads\/2017\/03\/20170205_125611_crop_500x300-300x180.jpg 300w\" sizes=\"auto, (max-width: 500px) 100vw, 500px\" \/><\/p>\n<p>Gelocht.<\/p>\n<p><img loading=\"lazy\" decoding=\"async\" class=\"alignnone size-full wp-image-841\" src=\"https:\/\/fofftein.fimotic.com\/wp-content\/uploads\/2017\/03\/20170205_125628_crop_500x300.jpg\" alt=\"\" width=\"500\" height=\"300\" srcset=\"https:\/\/fofftein.fimotic.com\/wp-content\/uploads\/2017\/03\/20170205_125628_crop_500x300.jpg 500w, https:\/\/fofftein.fimotic.com\/wp-content\/uploads\/2017\/03\/20170205_125628_crop_500x300-300x180.jpg 300w\" sizes=\"auto, (max-width: 500px) 100vw, 500px\" \/><\/p>\n<p>Den Kettelstift so k\u00fcrzen, dass er etwas k\u00fcrzer als die Breite des Herzens ist, aber auf jeden Fall breiter als das Loch im Herzen.<\/p>\n<p><img loading=\"lazy\" decoding=\"async\" class=\"alignnone size-full wp-image-840\" src=\"https:\/\/fofftein.fimotic.com\/wp-content\/uploads\/2017\/03\/20170205_125927_crop_500x300.jpg\" alt=\"\" width=\"500\" height=\"300\" srcset=\"https:\/\/fofftein.fimotic.com\/wp-content\/uploads\/2017\/03\/20170205_125927_crop_500x300.jpg 500w, https:\/\/fofftein.fimotic.com\/wp-content\/uploads\/2017\/03\/20170205_125927_crop_500x300-300x180.jpg 300w\" sizes=\"auto, (max-width: 500px) 100vw, 500px\" \/><\/p>\n<p>Den Kettelstift durch das eine Loch, die Perle und das andere Loch fummeln.<\/p>\n<p><img loading=\"lazy\" decoding=\"async\" class=\"alignnone size-full wp-image-839\" src=\"https:\/\/fofftein.fimotic.com\/wp-content\/uploads\/2017\/03\/20170205_130023_crop_500x300.jpg\" alt=\"\" width=\"500\" height=\"300\" srcset=\"https:\/\/fofftein.fimotic.com\/wp-content\/uploads\/2017\/03\/20170205_130023_crop_500x300.jpg 500w, https:\/\/fofftein.fimotic.com\/wp-content\/uploads\/2017\/03\/20170205_130023_crop_500x300-300x180.jpg 300w\" sizes=\"auto, (max-width: 500px) 100vw, 500px\" \/><\/p>\n<p>Perle drin.<\/p>\n<p><img loading=\"lazy\" decoding=\"async\" class=\"alignnone size-full wp-image-838\" src=\"https:\/\/fofftein.fimotic.com\/wp-content\/uploads\/2017\/03\/20170205_130044_crop_500x300.jpg\" alt=\"\" width=\"500\" height=\"300\" srcset=\"https:\/\/fofftein.fimotic.com\/wp-content\/uploads\/2017\/03\/20170205_130044_crop_500x300.jpg 500w, https:\/\/fofftein.fimotic.com\/wp-content\/uploads\/2017\/03\/20170205_130044_crop_500x300-300x180.jpg 300w\" sizes=\"auto, (max-width: 500px) 100vw, 500px\" \/><\/p>\n<p>Damit der Kettelstift nicht rausfallen kann mu\u00df das Loch verschlossen werden.<\/p>\n<p><img loading=\"lazy\" decoding=\"async\" class=\"alignnone size-full wp-image-837\" src=\"https:\/\/fofftein.fimotic.com\/wp-content\/uploads\/2017\/03\/20170205_130100_crop_500x300.jpg\" alt=\"\" width=\"500\" height=\"300\" srcset=\"https:\/\/fofftein.fimotic.com\/wp-content\/uploads\/2017\/03\/20170205_130100_crop_500x300.jpg 500w, https:\/\/fofftein.fimotic.com\/wp-content\/uploads\/2017\/03\/20170205_130100_crop_500x300-300x180.jpg 300w\" sizes=\"auto, (max-width: 500px) 100vw, 500px\" \/><\/p>\n<p>Bei einem Farbverlauf kann es schwierig sein, dass Loch in der gleichen Farbe zu stopfen, wie man hier sieht.<\/p>\n<p><img loading=\"lazy\" decoding=\"async\" class=\"alignnone size-full wp-image-836\" src=\"https:\/\/fofftein.fimotic.com\/wp-content\/uploads\/2017\/03\/20170205_130134_crop_500x300.jpg\" alt=\"\" width=\"500\" height=\"300\" srcset=\"https:\/\/fofftein.fimotic.com\/wp-content\/uploads\/2017\/03\/20170205_130134_crop_500x300.jpg 500w, https:\/\/fofftein.fimotic.com\/wp-content\/uploads\/2017\/03\/20170205_130134_crop_500x300-300x180.jpg 300w\" sizes=\"auto, (max-width: 500px) 100vw, 500px\" \/><\/p>\n<p>Dann muss man eben den Rand verkleiden. Irgendwo lag noch ein St\u00fcckchen schwarzes Fimo mit silber obendrauf herum. Das einfach ganz d\u00fcnn ausrollen und einen Streifen schneiden, der einmal ums Herz passt.<\/p>\n<p><img loading=\"lazy\" decoding=\"async\" class=\"alignnone size-full wp-image-835\" src=\"https:\/\/fofftein.fimotic.com\/wp-content\/uploads\/2017\/03\/20170205_130536_crop_500x300.jpg\" alt=\"\" width=\"500\" height=\"300\" srcset=\"https:\/\/fofftein.fimotic.com\/wp-content\/uploads\/2017\/03\/20170205_130536_crop_500x300.jpg 500w, https:\/\/fofftein.fimotic.com\/wp-content\/uploads\/2017\/03\/20170205_130536_crop_500x300-300x180.jpg 300w\" sizes=\"auto, (max-width: 500px) 100vw, 500px\" \/><\/p>\n<p>Die Mitte des Streifens an der Spitze ansetzen und an den Seiten hoch modellieren.<\/p>\n<p><img loading=\"lazy\" decoding=\"async\" class=\"alignnone size-full wp-image-834\" src=\"https:\/\/fofftein.fimotic.com\/wp-content\/uploads\/2017\/03\/20170205_130746_crop_500x500.jpg\" alt=\"\" width=\"500\" height=\"500\" srcset=\"https:\/\/fofftein.fimotic.com\/wp-content\/uploads\/2017\/03\/20170205_130746_crop_500x500.jpg 500w, https:\/\/fofftein.fimotic.com\/wp-content\/uploads\/2017\/03\/20170205_130746_crop_500x500-150x150.jpg 150w, https:\/\/fofftein.fimotic.com\/wp-content\/uploads\/2017\/03\/20170205_130746_crop_500x500-300x300.jpg 300w\" sizes=\"auto, (max-width: 500px) 100vw, 500px\" \/><\/p>\n<p>Vorn und hinten um das Herz legen.<\/p>\n<p><img loading=\"lazy\" decoding=\"async\" class=\"alignnone size-full wp-image-833\" src=\"https:\/\/fofftein.fimotic.com\/wp-content\/uploads\/2017\/03\/20170205_130819_crop_500x500.jpg\" alt=\"\" width=\"500\" height=\"500\" srcset=\"https:\/\/fofftein.fimotic.com\/wp-content\/uploads\/2017\/03\/20170205_130819_crop_500x500.jpg 500w, https:\/\/fofftein.fimotic.com\/wp-content\/uploads\/2017\/03\/20170205_130819_crop_500x500-150x150.jpg 150w, https:\/\/fofftein.fimotic.com\/wp-content\/uploads\/2017\/03\/20170205_130819_crop_500x500-300x300.jpg 300w\" sizes=\"auto, (max-width: 500px) 100vw, 500px\" \/><\/p>\n<p>Oben treffen sich die beiden Steifen.<\/p>\n<p><img loading=\"lazy\" decoding=\"async\" class=\"alignnone size-full wp-image-832\" src=\"https:\/\/fofftein.fimotic.com\/wp-content\/uploads\/2017\/03\/20170205_131009_crop_500x500.jpg\" alt=\"\" width=\"500\" height=\"500\" srcset=\"https:\/\/fofftein.fimotic.com\/wp-content\/uploads\/2017\/03\/20170205_131009_crop_500x500.jpg 500w, https:\/\/fofftein.fimotic.com\/wp-content\/uploads\/2017\/03\/20170205_131009_crop_500x500-150x150.jpg 150w, https:\/\/fofftein.fimotic.com\/wp-content\/uploads\/2017\/03\/20170205_131009_crop_500x500-300x300.jpg 300w\" sizes=\"auto, (max-width: 500px) 100vw, 500px\" \/><\/p>\n<p>Einen zweiten Kettelstift zum U biegen und auf einer Seite eine kleine Ecke extra umbiegen. Wenn beide Seiten des U gerade sind, dann kann man den Kettelstift nach dem Backen wieder heraus ziehen, wenn aber eine Seite etwas krumm ist, dann passiert das nicht.<\/p>\n<p><img loading=\"lazy\" decoding=\"async\" class=\"alignnone wp-image-831 size-full\" src=\"https:\/\/fofftein.fimotic.com\/wp-content\/uploads\/2017\/03\/20170205_131127_crop_500x500-e1489570537141.jpg\" alt=\"\" width=\"500\" height=\"500\" srcset=\"https:\/\/fofftein.fimotic.com\/wp-content\/uploads\/2017\/03\/20170205_131127_crop_500x500-e1489570537141.jpg 500w, https:\/\/fofftein.fimotic.com\/wp-content\/uploads\/2017\/03\/20170205_131127_crop_500x500-e1489570537141-150x150.jpg 150w, https:\/\/fofftein.fimotic.com\/wp-content\/uploads\/2017\/03\/20170205_131127_crop_500x500-e1489570537141-300x300.jpg 300w\" sizes=\"auto, (max-width: 500px) 100vw, 500px\" \/><\/p>\n<p>Den Kettelstift oben in den Rand des Herzens bohren. Und ab damit in den Backofen. Wenn die Perle dicker ist, als das Herz, dann muss das Herz etwas gepolstert werden, damit es trotzdem gerade liegt.<\/p>\n<p><img loading=\"lazy\" decoding=\"async\" class=\"alignnone size-full wp-image-830\" src=\"https:\/\/fofftein.fimotic.com\/wp-content\/uploads\/2017\/03\/20170205_131153_crop_500x300.jpg\" alt=\"\" width=\"500\" height=\"300\" srcset=\"https:\/\/fofftein.fimotic.com\/wp-content\/uploads\/2017\/03\/20170205_131153_crop_500x300.jpg 500w, https:\/\/fofftein.fimotic.com\/wp-content\/uploads\/2017\/03\/20170205_131153_crop_500x300-300x180.jpg 300w\" sizes=\"auto, (max-width: 500px) 100vw, 500px\" \/><\/p>\n<p>Nach dem Backen noch auf ein h\u00fcbsches Band aufziehen, fertig.<\/p>\n<p><img loading=\"lazy\" decoding=\"async\" class=\"alignnone size-full wp-image-868\" src=\"https:\/\/fofftein.fimotic.com\/wp-content\/uploads\/2017\/03\/20170315_112851_crop_500x900.jpg\" alt=\"\" width=\"500\" height=\"900\" srcset=\"https:\/\/fofftein.fimotic.com\/wp-content\/uploads\/2017\/03\/20170315_112851_crop_500x900.jpg 500w, https:\/\/fofftein.fimotic.com\/wp-content\/uploads\/2017\/03\/20170315_112851_crop_500x900-167x300.jpg 167w\" sizes=\"auto, (max-width: 500px) 100vw, 500px\" \/><\/p>\n","protected":false},"excerpt":{"rendered":"<p>Eine frei drehende Perle in einem Herzen soll es werden. Die Perle ist eine Linse, weil eine Kugelperle zu dick w\u00e4re, das Herz w\u00fcrde als Anh\u00e4nger an einer Kette nicht gut an liegen. F\u00fcr einen Taschenbaumler oder \u00e4hnliches w\u00fcrde eine &hellip; <a href=\"https:\/\/fofftein.fimotic.com\/?page_id=859\">Weiterlesen <span class=\"meta-nav\">&rarr;<\/span><\/a><\/p>\n","protected":false},"author":3,"featured_media":0,"parent":299,"menu_order":0,"comment_status":"closed","ping_status":"closed","template":"","meta":{"footnotes":""},"class_list":["post-859","page","type-page","status-publish","hentry"],"_links":{"self":[{"href":"https:\/\/fofftein.fimotic.com\/index.php?rest_route=\/wp\/v2\/pages\/859","targetHints":{"allow":["GET"]}}],"collection":[{"href":"https:\/\/fofftein.fimotic.com\/index.php?rest_route=\/wp\/v2\/pages"}],"about":[{"href":"https:\/\/fofftein.fimotic.com\/index.php?rest_route=\/wp\/v2\/types\/page"}],"author":[{"embeddable":true,"href":"https:\/\/fofftein.fimotic.com\/index.php?rest_route=\/wp\/v2\/users\/3"}],"replies":[{"embeddable":true,"href":"https:\/\/fofftein.fimotic.com\/index.php?rest_route=%2Fwp%2Fv2%2Fcomments&post=859"}],"version-history":[{"count":5,"href":"https:\/\/fofftein.fimotic.com\/index.php?rest_route=\/wp\/v2\/pages\/859\/revisions"}],"predecessor-version":[{"id":871,"href":"https:\/\/fofftein.fimotic.com\/index.php?rest_route=\/wp\/v2\/pages\/859\/revisions\/871"}],"up":[{"embeddable":true,"href":"https:\/\/fofftein.fimotic.com\/index.php?rest_route=\/wp\/v2\/pages\/299"}],"wp:attachment":[{"href":"https:\/\/fofftein.fimotic.com\/index.php?rest_route=%2Fwp%2Fv2%2Fmedia&parent=859"}],"curies":[{"name":"wp","href":"https:\/\/api.w.org\/{rel}","templated":true}]}}