{"id":694,"date":"2017-01-15T12:07:06","date_gmt":"2017-01-15T11:07:06","guid":{"rendered":"http:\/\/fofftein.fimotic.com\/?page_id=694"},"modified":"2019-01-04T18:52:49","modified_gmt":"2019-01-04T17:52:49","slug":"dekoratives-galerie","status":"publish","type":"page","link":"https:\/\/fofftein.fimotic.com\/?page_id=694","title":{"rendered":"Dekoratives Galerie"},"content":{"rendered":"<p>Mein erster Hirsch. Wie es zur Idee mit den Geweihenden gekommen ist k\u00f6nnt Ihr hier nachlesen. <a href=\"https:\/\/fofftein.fimotic.com\/?page_id=73\">Der erste Hirsch<\/a><\/p>\n<p><img loading=\"lazy\" decoding=\"async\" class=\"alignnone size-full wp-image-148\" src=\"https:\/\/fofftein.fimotic.com\/wp-content\/uploads\/2016\/11\/20160826_104601_crop_515x227-500x220.jpg\" alt=\"\" width=\"500\" height=\"220\" srcset=\"https:\/\/fofftein.fimotic.com\/wp-content\/uploads\/2016\/11\/20160826_104601_crop_515x227-500x220.jpg 500w, https:\/\/fofftein.fimotic.com\/wp-content\/uploads\/2016\/11\/20160826_104601_crop_515x227-500x220-300x132.jpg 300w\" sizes=\"auto, (max-width: 500px) 100vw, 500px\" \/><\/p>\n<p>Auf den ersten folgte der zweite Hirsch und diesmal auch mit ausf\u00fchrlicher Anleitung. Schaut mal hier: <a href=\"https:\/\/fofftein.fimotic.com\/?page_id=79\">Der zweite Hirsch<\/a><\/p>\n<p><img loading=\"lazy\" decoding=\"async\" class=\"alignnone size-full wp-image-221\" src=\"https:\/\/fofftein.fimotic.com\/wp-content\/uploads\/2016\/11\/20161106_231749_crop_891x345-500x193.jpg\" alt=\"\" width=\"500\" height=\"193\" srcset=\"https:\/\/fofftein.fimotic.com\/wp-content\/uploads\/2016\/11\/20161106_231749_crop_891x345-500x193.jpg 500w, https:\/\/fofftein.fimotic.com\/wp-content\/uploads\/2016\/11\/20161106_231749_crop_891x345-500x193-300x116.jpg 300w\" sizes=\"auto, (max-width: 500px) 100vw, 500px\" \/><\/p>\n<p>Und was mit Geweihenden geht, muss doch auch mit Holz funktionieren. Schaut selbst: <a href=\"https:\/\/fofftein.fimotic.com\/?page_id=239\">Treibholz im Wald<\/a><\/p>\n<p><img loading=\"lazy\" decoding=\"async\" class=\"alignnone size-full wp-image-283\" src=\"https:\/\/fofftein.fimotic.com\/wp-content\/uploads\/2016\/11\/20161112_214223_crop_993x362.jpg\" alt=\"\" width=\"993\" height=\"362\" srcset=\"https:\/\/fofftein.fimotic.com\/wp-content\/uploads\/2016\/11\/20161112_214223_crop_993x362.jpg 993w, https:\/\/fofftein.fimotic.com\/wp-content\/uploads\/2016\/11\/20161112_214223_crop_993x362-300x109.jpg 300w, https:\/\/fofftein.fimotic.com\/wp-content\/uploads\/2016\/11\/20161112_214223_crop_993x362-768x280.jpg 768w\" sizes=\"auto, (max-width: 993px) 100vw, 993px\" \/><\/p>\n<p>Und aus Resten ist der Blumenhirsch entstanden. Der ist irgendwie zuf\u00e4llig entstanden, deshalb gibt es keine Bilder von seiner Entstehung, aber ein Paar Tips und Tricks verrate ich hier trotzdem: <a href=\"https:\/\/fofftein.fimotic.com\/?page_id=407\">Blumenhirsch<\/a><\/p>\n<p><img loading=\"lazy\" decoding=\"async\" class=\"alignnone size-full wp-image-408\" src=\"https:\/\/fofftein.fimotic.com\/wp-content\/uploads\/2016\/12\/20161214_083902_crop_500x300.jpg\" alt=\"\" width=\"500\" height=\"300\" srcset=\"https:\/\/fofftein.fimotic.com\/wp-content\/uploads\/2016\/12\/20161214_083902_crop_500x300.jpg 500w, https:\/\/fofftein.fimotic.com\/wp-content\/uploads\/2016\/12\/20161214_083902_crop_500x300-300x180.jpg 300w\" sizes=\"auto, (max-width: 500px) 100vw, 500px\" \/><\/p>\n<p>Die Muschelgalaxie ist auch solch ein Zufallsprodukt. Ich hoffe allerdings sehr, dass ich es wiederholen kann.<\/p>\n<p><img loading=\"lazy\" decoding=\"async\" class=\"alignnone size-full wp-image-409\" src=\"https:\/\/fofftein.fimotic.com\/wp-content\/uploads\/2016\/12\/20161214_084017_crop_500x400.jpg\" alt=\"\" width=\"500\" height=\"400\" srcset=\"https:\/\/fofftein.fimotic.com\/wp-content\/uploads\/2016\/12\/20161214_084017_crop_500x400.jpg 500w, https:\/\/fofftein.fimotic.com\/wp-content\/uploads\/2016\/12\/20161214_084017_crop_500x400-300x240.jpg 300w\" sizes=\"auto, (max-width: 500px) 100vw, 500px\" \/><\/p>\n<p>Regenbogenholzst\u00fccke, hier steht, wie sie gemacht werden:\u00a0<a href=\"https:\/\/fofftein.fimotic.com\/?page_id=797\">Seelenzentren<\/a><\/p>\n<p><img loading=\"lazy\" decoding=\"async\" class=\"alignnone size-full wp-image-800\" src=\"https:\/\/fofftein.fimotic.com\/wp-content\/uploads\/2017\/03\/20170215_211819_crop_500x300.jpg\" alt=\"\" width=\"500\" height=\"300\" srcset=\"https:\/\/fofftein.fimotic.com\/wp-content\/uploads\/2017\/03\/20170215_211819_crop_500x300.jpg 500w, https:\/\/fofftein.fimotic.com\/wp-content\/uploads\/2017\/03\/20170215_211819_crop_500x300-300x180.jpg 300w\" sizes=\"auto, (max-width: 500px) 100vw, 500px\" \/><\/p>\n<p>Zum gleichen Thema ist dann auch noch ein Hirsch entstanden.<\/p>\n<p><img loading=\"lazy\" decoding=\"async\" class=\"alignnone size-full wp-image-821\" src=\"https:\/\/fofftein.fimotic.com\/wp-content\/uploads\/2017\/01\/20170215_185505_crop_500x200.jpg\" alt=\"\" width=\"500\" height=\"200\" srcset=\"https:\/\/fofftein.fimotic.com\/wp-content\/uploads\/2017\/01\/20170215_185505_crop_500x200.jpg 500w, https:\/\/fofftein.fimotic.com\/wp-content\/uploads\/2017\/01\/20170215_185505_crop_500x200-300x120.jpg 300w\" sizes=\"auto, (max-width: 500px) 100vw, 500px\" \/> <img loading=\"lazy\" decoding=\"async\" class=\"alignnone size-full wp-image-822\" src=\"https:\/\/fofftein.fimotic.com\/wp-content\/uploads\/2017\/01\/20170215_185437_crop_500x200.jpg\" alt=\"\" width=\"500\" height=\"200\" srcset=\"https:\/\/fofftein.fimotic.com\/wp-content\/uploads\/2017\/01\/20170215_185437_crop_500x200.jpg 500w, https:\/\/fofftein.fimotic.com\/wp-content\/uploads\/2017\/01\/20170215_185437_crop_500x200-300x120.jpg 300w\" sizes=\"auto, (max-width: 500px) 100vw, 500px\" \/><\/p>\n<p>Symbolp\u00fcppchen. Wasser, Feuer, Erde, Luft und der Spirit. <a href=\"https:\/\/fofftein.fimotic.com\/?page_id=709\">Hier<\/a> steht wie sie gemacht werden.<\/p>\n<p><img loading=\"lazy\" decoding=\"async\" class=\"alignnone size-full wp-image-710\" src=\"https:\/\/fofftein.fimotic.com\/wp-content\/uploads\/2017\/01\/20170118_220333_crop_500x500.jpg\" alt=\"\" width=\"500\" height=\"500\" srcset=\"https:\/\/fofftein.fimotic.com\/wp-content\/uploads\/2017\/01\/20170118_220333_crop_500x500.jpg 500w, https:\/\/fofftein.fimotic.com\/wp-content\/uploads\/2017\/01\/20170118_220333_crop_500x500-150x150.jpg 150w, https:\/\/fofftein.fimotic.com\/wp-content\/uploads\/2017\/01\/20170118_220333_crop_500x500-300x300.jpg 300w\" sizes=\"auto, (max-width: 500px) 100vw, 500px\" \/><\/p>\n<p>Schneeflocken. Aus transparentem Fimo, strukturiert und mit Alkohol inks angemalt.<\/p>\n<p><img loading=\"lazy\" decoding=\"async\" class=\"alignnone size-full wp-image-1078\" src=\"https:\/\/fofftein.fimotic.com\/wp-content\/uploads\/2017\/11\/20171129_205546-500x487.jpg\" alt=\"\" width=\"500\" height=\"487\" srcset=\"https:\/\/fofftein.fimotic.com\/wp-content\/uploads\/2017\/11\/20171129_205546-500x487.jpg 500w, https:\/\/fofftein.fimotic.com\/wp-content\/uploads\/2017\/11\/20171129_205546-500x487-300x292.jpg 300w\" sizes=\"auto, (max-width: 500px) 100vw, 500px\" \/><\/p>\n<p>Meine s\u00fc\u00dfen, kleinen Scheisserchen. F\u00fcr die Augen gibt es sogar eine Anleitung. \u00a0<a href=\"https:\/\/fofftein.fimotic.com\/?page_id=1048\">Kawaii-Augen<\/a><\/p>\n<p><img loading=\"lazy\" decoding=\"async\" class=\"alignnone size-full wp-image-1045\" src=\"https:\/\/fofftein.fimotic.com\/wp-content\/uploads\/2017\/11\/20171115_172645.jpg\" alt=\"\" width=\"500\" height=\"285\" srcset=\"https:\/\/fofftein.fimotic.com\/wp-content\/uploads\/2017\/11\/20171115_172645.jpg 500w, https:\/\/fofftein.fimotic.com\/wp-content\/uploads\/2017\/11\/20171115_172645-300x171.jpg 300w\" sizes=\"auto, (max-width: 500px) 100vw, 500px\" \/><\/p>\n<p>Wolken-Loom. Fimo-Wolle-Kombination<\/p>\n<p><img loading=\"lazy\" decoding=\"async\" class=\"alignnone size-full wp-image-1037\" src=\"https:\/\/fofftein.fimotic.com\/wp-content\/uploads\/2017\/11\/20171108_154631.jpg\" alt=\"\" width=\"1216\" height=\"1089\" srcset=\"https:\/\/fofftein.fimotic.com\/wp-content\/uploads\/2017\/11\/20171108_154631.jpg 1216w, https:\/\/fofftein.fimotic.com\/wp-content\/uploads\/2017\/11\/20171108_154631-300x269.jpg 300w, https:\/\/fofftein.fimotic.com\/wp-content\/uploads\/2017\/11\/20171108_154631-768x688.jpg 768w, https:\/\/fofftein.fimotic.com\/wp-content\/uploads\/2017\/11\/20171108_154631-1024x917.jpg 1024w\" sizes=\"auto, (max-width: 1216px) 100vw, 1216px\" \/><\/p>\n","protected":false},"excerpt":{"rendered":"<p>Mein erster Hirsch. Wie es zur Idee mit den Geweihenden gekommen ist k\u00f6nnt Ihr hier nachlesen. Der erste Hirsch Auf den ersten folgte der zweite Hirsch und diesmal auch mit ausf\u00fchrlicher Anleitung. Schaut mal hier: Der zweite Hirsch Und was &hellip; <a href=\"https:\/\/fofftein.fimotic.com\/?page_id=694\">Weiterlesen <span class=\"meta-nav\">&rarr;<\/span><\/a><\/p>\n","protected":false},"author":3,"featured_media":0,"parent":46,"menu_order":0,"comment_status":"closed","ping_status":"closed","template":"","meta":{"footnotes":""},"class_list":["post-694","page","type-page","status-publish","hentry"],"_links":{"self":[{"href":"https:\/\/fofftein.fimotic.com\/index.php?rest_route=\/wp\/v2\/pages\/694","targetHints":{"allow":["GET"]}}],"collection":[{"href":"https:\/\/fofftein.fimotic.com\/index.php?rest_route=\/wp\/v2\/pages"}],"about":[{"href":"https:\/\/fofftein.fimotic.com\/index.php?rest_route=\/wp\/v2\/types\/page"}],"author":[{"embeddable":true,"href":"https:\/\/fofftein.fimotic.com\/index.php?rest_route=\/wp\/v2\/users\/3"}],"replies":[{"embeddable":true,"href":"https:\/\/fofftein.fimotic.com\/index.php?rest_route=%2Fwp%2Fv2%2Fcomments&post=694"}],"version-history":[{"count":6,"href":"https:\/\/fofftein.fimotic.com\/index.php?rest_route=\/wp\/v2\/pages\/694\/revisions"}],"predecessor-version":[{"id":1118,"href":"https:\/\/fofftein.fimotic.com\/index.php?rest_route=\/wp\/v2\/pages\/694\/revisions\/1118"}],"up":[{"embeddable":true,"href":"https:\/\/fofftein.fimotic.com\/index.php?rest_route=\/wp\/v2\/pages\/46"}],"wp:attachment":[{"href":"https:\/\/fofftein.fimotic.com\/index.php?rest_route=%2Fwp%2Fv2%2Fmedia&parent=694"}],"curies":[{"name":"wp","href":"https:\/\/api.w.org\/{rel}","templated":true}]}}