{"id":426,"date":"2016-12-30T23:28:04","date_gmt":"2016-12-30T22:28:04","guid":{"rendered":"http:\/\/fofftein.fimotic.com\/?page_id=426"},"modified":"2017-01-14T22:49:12","modified_gmt":"2017-01-14T21:49:12","slug":"schreibgeraete-komponenten","status":"publish","type":"page","link":"https:\/\/fofftein.fimotic.com\/?page_id=426","title":{"rendered":"Schreibger\u00e4te Komponenten"},"content":{"rendered":"<p>Typische Komponenten von Kugelschreibern mit Drehmechanik.<\/p>\n<p><strong>H\u00fclse<\/strong>. Die H\u00fclse wird mit Fimo umh\u00fcllt. In der H\u00fclse verl\u00e4uft die Mine. Es gibt Schreibger\u00e4te mit einteiliger und mit zweiteiliger H\u00fclse. Bei Schreibger\u00e4ten mit Kappe gibt es noch eine weitere H\u00fclse, die dicker ist als die Minenh\u00fclse.<\/p>\n<p><img loading=\"lazy\" decoding=\"async\" class=\"alignnone size-full wp-image-434\" src=\"https:\/\/fofftein.fimotic.com\/wp-content\/uploads\/2016\/12\/20161230_172239_crop_500x300.jpg\" alt=\"\" width=\"500\" height=\"300\" srcset=\"https:\/\/fofftein.fimotic.com\/wp-content\/uploads\/2016\/12\/20161230_172239_crop_500x300.jpg 500w, https:\/\/fofftein.fimotic.com\/wp-content\/uploads\/2016\/12\/20161230_172239_crop_500x300-300x180.jpg 300w\" sizes=\"auto, (max-width: 500px) 100vw, 500px\" \/><\/p>\n<p><strong>Spitze und Final.<\/strong>\u00a0Die Spitze kommt an das untere Ende der H\u00fclse, dort schaut die Mine raus. Das Final ist das obere Ende des Schreibger\u00e4tes. Hier wird der Clip befestigt und je nach Bausatz auch die Drehmechanik.<\/p>\n<p><img loading=\"lazy\" decoding=\"async\" class=\"alignnone size-full wp-image-430\" src=\"https:\/\/fofftein.fimotic.com\/wp-content\/uploads\/2016\/12\/20161230_172329_crop_500x300.jpg\" alt=\"\" width=\"500\" height=\"300\" srcset=\"https:\/\/fofftein.fimotic.com\/wp-content\/uploads\/2016\/12\/20161230_172329_crop_500x300.jpg 500w, https:\/\/fofftein.fimotic.com\/wp-content\/uploads\/2016\/12\/20161230_172329_crop_500x300-300x180.jpg 300w\" sizes=\"auto, (max-width: 500px) 100vw, 500px\" \/><\/p>\n<p><strong>Der Clip<\/strong>. Wird zwischen H\u00fclse und Final befestigt.<\/p>\n<p><img loading=\"lazy\" decoding=\"async\" class=\"alignnone size-full wp-image-429\" src=\"https:\/\/fofftein.fimotic.com\/wp-content\/uploads\/2016\/12\/20161230_172340_crop_500x300.jpg\" alt=\"\" width=\"500\" height=\"300\" srcset=\"https:\/\/fofftein.fimotic.com\/wp-content\/uploads\/2016\/12\/20161230_172340_crop_500x300.jpg 500w, https:\/\/fofftein.fimotic.com\/wp-content\/uploads\/2016\/12\/20161230_172340_crop_500x300-300x180.jpg 300w\" sizes=\"auto, (max-width: 500px) 100vw, 500px\" \/><\/p>\n<p><strong>Die Drehmechanik<\/strong>. Dreht die Schreibmine raus oder rein. Wird in eine H\u00fclse gepresst, dabei muss vorsichtig vorgegangen werden, denn sie darf nicht zu tief rein geschoben werden.<\/p>\n<p><img loading=\"lazy\" decoding=\"async\" class=\"alignnone size-full wp-image-431\" src=\"https:\/\/fofftein.fimotic.com\/wp-content\/uploads\/2016\/12\/20161230_172140_crop_500x300.jpg\" alt=\"\" width=\"500\" height=\"300\" srcset=\"https:\/\/fofftein.fimotic.com\/wp-content\/uploads\/2016\/12\/20161230_172140_crop_500x300.jpg 500w, https:\/\/fofftein.fimotic.com\/wp-content\/uploads\/2016\/12\/20161230_172140_crop_500x300-300x180.jpg 300w\" sizes=\"auto, (max-width: 500px) 100vw, 500px\" \/><\/p>\n<p><strong>Die Mine<\/strong>. Es empfiehlt sich Baus\u00e4tze mit Mine zu kaufen, dann hat man gleich die richtige Mine zur Hand.<\/p>\n<p><img loading=\"lazy\" decoding=\"async\" class=\"alignnone size-full wp-image-433\" src=\"https:\/\/fofftein.fimotic.com\/wp-content\/uploads\/2016\/12\/20161230_172246_crop_500x300.jpg\" alt=\"\" width=\"500\" height=\"300\" srcset=\"https:\/\/fofftein.fimotic.com\/wp-content\/uploads\/2016\/12\/20161230_172246_crop_500x300.jpg 500w, https:\/\/fofftein.fimotic.com\/wp-content\/uploads\/2016\/12\/20161230_172246_crop_500x300-300x180.jpg 300w\" sizes=\"auto, (max-width: 500px) 100vw, 500px\" \/><\/p>\n<p><strong>Zwischenringe<\/strong>. Bei zweiteiliger H\u00fclse wird zwischen die beiden H\u00fclsen ein Ring gesetzt. Beim Verzieren der H\u00fclse mit Fimo ist es wichtig die Dicke des Zwischenringes zu beachten. Im Bild sieht man zwei Ringe aus verschiedenen Baus\u00e4tzen, deren H\u00fclsen, Sptzen und Finals ziemlich \u00e4hnlich sind und vor allem den gleichen Durchmesser haben. F\u00fcr den dickeren Ring muss das Fimo dicker gearbeitet werden, es entsteht eine bauchige Form. Der d\u00fcnne Ring ergibt einen schlanken, geraden Kugelschreiber.<\/p>\n<p><img loading=\"lazy\" decoding=\"async\" class=\"alignnone size-full wp-image-428\" src=\"https:\/\/fofftein.fimotic.com\/wp-content\/uploads\/2016\/12\/20161230_192507_crop_500x300.jpg\" alt=\"\" width=\"500\" height=\"300\" srcset=\"https:\/\/fofftein.fimotic.com\/wp-content\/uploads\/2016\/12\/20161230_192507_crop_500x300.jpg 500w, https:\/\/fofftein.fimotic.com\/wp-content\/uploads\/2016\/12\/20161230_192507_crop_500x300-300x180.jpg 300w\" sizes=\"auto, (max-width: 500px) 100vw, 500px\" \/><\/p>\n<p><strong>Verbinder<\/strong>. Dieser verbindet H\u00fclse und Drehmechanik. Wo der Verbinder hinkommt ergibt sich aus der Beschreibung zum Bausatz.<\/p>\n<p><img loading=\"lazy\" decoding=\"async\" class=\"alignnone size-full wp-image-432\" src=\"https:\/\/fofftein.fimotic.com\/wp-content\/uploads\/2016\/12\/20161230_172257_crop_500x300.jpg\" alt=\"\" width=\"500\" height=\"300\" srcset=\"https:\/\/fofftein.fimotic.com\/wp-content\/uploads\/2016\/12\/20161230_172257_crop_500x300.jpg 500w, https:\/\/fofftein.fimotic.com\/wp-content\/uploads\/2016\/12\/20161230_172257_crop_500x300-300x180.jpg 300w\" sizes=\"auto, (max-width: 500px) 100vw, 500px\" \/><\/p>\n<p><strong>Spitzenverbinder<\/strong>. Manchmal versteckt sich der Spitzenverbinder in der Spitze. Und jedesmal wenn er sich dort versteckt hat, denke ich es fehlt ein Teil vom Bausatz (es hat noch nie ein Teil gefehlt). Aber nein, man muss ihn nur aus der Spitze rausdrehen. Schaut mal oben auf das Bild von Spitze und Final, da steckt der Spitzenverbinder mal wieder in der Spitze drin.<\/p>\n<p><img loading=\"lazy\" decoding=\"async\" class=\"alignnone size-full wp-image-437\" src=\"https:\/\/fofftein.fimotic.com\/wp-content\/uploads\/2016\/12\/20161230_230021_crop_500x400.jpg\" alt=\"\" width=\"500\" height=\"400\" srcset=\"https:\/\/fofftein.fimotic.com\/wp-content\/uploads\/2016\/12\/20161230_230021_crop_500x400.jpg 500w, https:\/\/fofftein.fimotic.com\/wp-content\/uploads\/2016\/12\/20161230_230021_crop_500x400-300x240.jpg 300w\" sizes=\"auto, (max-width: 500px) 100vw, 500px\" \/><\/p>\n<p><strong>Beispiele f\u00fcr Baus\u00e4tze.<\/strong><\/p>\n<p>Kugelschreiber mit Drehmechanik mit einteiliger H\u00fclse. Mein Lieblingsbausatz. Ergibt einen dickeren Stift, der gut in der Hand liegt. Ich kann stundenlang damit schreiben.<\/p>\n<p><img loading=\"lazy\" decoding=\"async\" class=\"alignnone size-full wp-image-427\" src=\"https:\/\/fofftein.fimotic.com\/wp-content\/uploads\/2016\/12\/20161230_171916_crop_500x300.jpg\" alt=\"\" width=\"500\" height=\"300\" srcset=\"https:\/\/fofftein.fimotic.com\/wp-content\/uploads\/2016\/12\/20161230_171916_crop_500x300.jpg 500w, https:\/\/fofftein.fimotic.com\/wp-content\/uploads\/2016\/12\/20161230_171916_crop_500x300-300x180.jpg 300w\" sizes=\"auto, (max-width: 500px) 100vw, 500px\" \/><\/p>\n<p>Kugelschreiber mit Drehmechanik mit zweiteiliger H\u00fclse. Den habe ich bisher mit dem kleineren Zwischenring gemacht, das ergibt dann einen recht schlanken Stift, den ich ideal f\u00fcr unterwegs finde. Hier ist es der dickere Ring, der Kugelschreiber wird also etwas Bauch bekommen.<\/p>\n<p><img loading=\"lazy\" decoding=\"async\" class=\"alignnone size-full wp-image-435\" src=\"https:\/\/fofftein.fimotic.com\/wp-content\/uploads\/2016\/12\/20161230_172122_crop_500x300.jpg\" alt=\"\" width=\"500\" height=\"300\" srcset=\"https:\/\/fofftein.fimotic.com\/wp-content\/uploads\/2016\/12\/20161230_172122_crop_500x300.jpg 500w, https:\/\/fofftein.fimotic.com\/wp-content\/uploads\/2016\/12\/20161230_172122_crop_500x300-300x180.jpg 300w\" sizes=\"auto, (max-width: 500px) 100vw, 500px\" \/><\/p>\n<p>&nbsp;<\/p>\n","protected":false},"excerpt":{"rendered":"<p>Typische Komponenten von Kugelschreibern mit Drehmechanik. H\u00fclse. Die H\u00fclse wird mit Fimo umh\u00fcllt. In der H\u00fclse verl\u00e4uft die Mine. Es gibt Schreibger\u00e4te mit einteiliger und mit zweiteiliger H\u00fclse. Bei Schreibger\u00e4ten mit Kappe gibt es noch eine weitere H\u00fclse, die dicker &hellip; <a href=\"https:\/\/fofftein.fimotic.com\/?page_id=426\">Weiterlesen <span class=\"meta-nav\">&rarr;<\/span><\/a><\/p>\n","protected":false},"author":3,"featured_media":0,"parent":424,"menu_order":0,"comment_status":"open","ping_status":"closed","template":"","meta":{"footnotes":""},"class_list":["post-426","page","type-page","status-publish","hentry"],"_links":{"self":[{"href":"https:\/\/fofftein.fimotic.com\/index.php?rest_route=\/wp\/v2\/pages\/426","targetHints":{"allow":["GET"]}}],"collection":[{"href":"https:\/\/fofftein.fimotic.com\/index.php?rest_route=\/wp\/v2\/pages"}],"about":[{"href":"https:\/\/fofftein.fimotic.com\/index.php?rest_route=\/wp\/v2\/types\/page"}],"author":[{"embeddable":true,"href":"https:\/\/fofftein.fimotic.com\/index.php?rest_route=\/wp\/v2\/users\/3"}],"replies":[{"embeddable":true,"href":"https:\/\/fofftein.fimotic.com\/index.php?rest_route=%2Fwp%2Fv2%2Fcomments&post=426"}],"version-history":[{"count":5,"href":"https:\/\/fofftein.fimotic.com\/index.php?rest_route=\/wp\/v2\/pages\/426\/revisions"}],"predecessor-version":[{"id":627,"href":"https:\/\/fofftein.fimotic.com\/index.php?rest_route=\/wp\/v2\/pages\/426\/revisions\/627"}],"up":[{"embeddable":true,"href":"https:\/\/fofftein.fimotic.com\/index.php?rest_route=\/wp\/v2\/pages\/424"}],"wp:attachment":[{"href":"https:\/\/fofftein.fimotic.com\/index.php?rest_route=%2Fwp%2Fv2%2Fmedia&parent=426"}],"curies":[{"name":"wp","href":"https:\/\/api.w.org\/{rel}","templated":true}]}}